 Is r prime?
False
Let o(a) = 162*a - 258*a - 373*a - 2. Suppose -5*f + 7 = -3*l - 4*f, -3*l + 4*f - 19 = 0. Is o(l) a composite number?
False
Let p(i) = 703*i**3 + 29*i**2 - 769*i + 11. Is p(16) a prime number?
False
Let c = -462 - -475. Let q(h) = 7*h + 66. Is q(c) a prime number?
True
Let r = 2 - 4. Let s(x) = 5*x**3 + 4*x - 23*x**3 + 6 - 20*x**3 - 57*x**3 - 3 + 3*x**2. Is s(r) composite?
True
Suppose -q = -5*x - 26, 3*x + 4 = 4*q + 2. Let z(y) = -4*y + 28. Let h be z(15). Let u = x - h. Is u composite?
True
Let k = 478 + -482. Let t(q) = 993*q**2 + 28*q + 7. Is t(k) prime?
False
Suppose -2*i - i + 4*s = -3163, 5*i - 2*s - 5295 = 0. Is i prime?
True
Suppose -5*d - 115059 = -3*a, -3*a - d = a - 153389. Suppose 13*g + a = 17*g. Is g a prime number?
True
Let i(t) = 470*t**3 - 6*t**2 + 39*t - 2. Is i(3) a composite number?
True
Suppose -5*k - 6*w = -5*w - 352684, 4*w - 70533 = -k. Suppose 0 = -2*j - 3*l + k, -5*j - 3*l + 99261 = -77095. Is j a prime number?
False
Let y(x) = -34384*x - 615. Is y(-16) composite?
True
Suppose -165595 = -5*m - 5*n, 11*n + 165575 = 5*m + 12*n. Suppose -o + 7*o = m. Is o composite?
False
Is 1565816/2 - (22 - 13 - 18) a composite number?
True
Suppose -532 = -5*l + 3*p, -4*l + 0*p + 404 = 3*p. Let c = l + -57. Suppose -2*f = -5*u - 76, 3*f + 3*u - 46 = c. Is f prime?
False
Let c(j) = 158*j**2 - 50*j + 41. Is c(-24) prime?
False
Let m(g) = -3352*g - 49. Let l = -233 + 230. Is m(l) prime?
True
Suppose 0 = 4*d + 12*h - 9*h - 8029385, -2*h = -2*d + 4014696. Is d prime?
True
Let c(g) = 21*g**3 - 8*g**2 - 3*g - 17. Let i be c(6). Let m = i - 1280. Is m composite?
True
Let o be (3 - ((-18)/(-3))/3) + 3. Suppose o*w + 3 = 5*w. Is (2/(-4))/(((-12)/17192)/w) composite?
True
Let q(n) = 1116*n - 117. Let a(g) = g - 2. Let v(f) = 4*a(f) - q(f). Is v(-5) a composite number?
False
Suppose 6*q = 5*q. Suppose -17*x + 6749 = -q*x. Is x a composite number?
False
Is ((-21)/9)/((-242)/164613966) a prime number?
False
Suppose 3*a - 36*a + 17409277 = 4*a. Is a composite?
False
Suppose -3*k + k + 8 = 0. Let r(w) be the third derivative of -w**5/60 + w**4/3 - 3*w**3/2 + 3*w**2 - 192*w. Is r(k) composite?
False
Let i = 51324 - 17401. Is i composite?
False
Suppose -733575 = 754*z - 779*z. Is z prime?
False
Let s(p) be the second derivative of p**5/20 - 7*p**4/12 + 53*p**3/6 - 11*p**2 - p + 7. Is s(21) a composite number?
True
Let r(p) = p**3 + 4*p**2 + 7*p + 10. Let t be r(-3). Is t/(70/(-118181)) + 2/5 a composite number?
True
Let g be (9288/144)/(2/((-608)/(-3))). Let z = 13857 - g. Is z a prime number?
True
Let n(c) = 5312*c**3 + 25*c**2 - 59*c + 3. Is n(2) prime?
False
Suppose -y - 1 = 5*g, -g - 4 = -0*g + 4*y. Suppose 20*d - 22*d - 2 = g. Is (-4 - -5)*d - -582 a prime number?
False
Suppose -2*y + 4*n + 8 = 12, -3*y - 13 = n. Let i(u) = -5 - 8*u**3 + 2*u**2 + 0 + 8*u + 2 - u**2. Is i(y) a prime number?
False
Let f(l) = 5561*l - 9. Let k(o) be the third derivative of -695*o**4/6 + 5*o**3/6 - 26*o**2. Let y(w) = 2*f(w) + 5*k(w). Is y(-1) prime?
False
Let x(p) = 3*p**2 - 33*p + 7. Let b be x(17). Suppose -b*m + 305*m = -31736. Is m composite?
False
Let r be 2 + 17 - (-10)/5. Let d be r/42 - 10/(-4). Suppose -d*o = o - 5*t - 97, 2*o = -3*t + 43. Is o prime?
True
Let x = -5288 + 8624. Suppose -4*s + x = 4*s. Suppose -3*k + l = -2*k - s, -1666 = -4*k + 5*l. Is k prime?
True
Let y(i) be the third derivative of 0*i - 3/4*i**4 - 7*i**2 - 7/6*i**3 + 0. Is y(-7) a prime number?
False
Let c(r) be the first derivative of 163*r**5/12 + r**4/24 - r**3/6 - 13*r**2/2 + 2. Let g(f) be the second derivative of c(f). Is g(1) prime?
False
Suppose x = -3*g + 26, -3*x - 22 = -3*g - 2*x. Suppose i + 22772 = 5*p, 4*i + 12 = g*i. Is p a composite number?
True
Let n = -115842 - -176335. Is n a composite number?
False
Suppose 0 = 2*g - 17*r + 19*r - 12118, r = -2*g + 12112. Is g composite?
False
Suppose 0 = 74*p - 4900345 - 1899737. Is p composite?
True
Let v(z) be the third derivative of -z**5/60 - 7*z**4/24 + z**3/2 - 11*z**2. Let p be v(-7). Suppose -p*d = -2745 - 1458. Is d prime?
False
Suppose -u = -5*j, 3*j - 5*u = -2*u. Suppose -150*h + 157*h - 32389 = j. Is h prime?
False
Suppose -5*p + 4 = 8*z - 6*z, 2*z = -4*p + 2. Is p/(-13) - (13032481/(-91))/7 a prime number?
False
Suppose 108*u + 10 = 113*u. Suppose u*i - 2 = -b + 1, 2*i + 2 = -2*b. Suppose 3*n + 11053 + 3691 = 5*z, -2*z + 5882 = i*n. Is z a prime number?
False
Let z = 97 - 100. Is z/21 + 254560/35 + 6 prime?
False
Let u = -87166 - -148557. Is u prime?
False
Is 241827 - 50*18/(-45) prime?
True
Suppose a - 25 + 9 = -3*l, l - 2*a - 17 = 0. Suppose -5*o - 646 = -u, -2*u - 3170 = -l*u + 5*o. Is u a composite number?
False
Let f(c) = -653*c - 81. Is f(-10) composite?
False
Let d be 1414*((-6)/(-8))/((-5)/30). Let w = d - -9232. Is w a prime number?
False
Let z = -3 + 3. Suppose 2*k - 3*s = 2305, z = -2*k + 3*k - 2*s - 1153. Is k a composite number?
False
Is 61345*13/(-130)*-7*2/1 prime?
False
Let x be (4/(-10))/((-45)/(-675)). Is (-748270)/(-30) - x/9 prime?
True
Suppose -178*a + 182*a = y + 133826, -2*a + 3*y + 66908 = 0. Is a prime?
True
Let z = -105653 + 235570. Is z a prime number?
True
Let c(h) = -2*h**2 + 2*h + 18. Let n be c(0). Let s be (-1 - (-4)/(8/61))*n. Is s - 2 - (4 - 4)/5 prime?
False
Suppose 45*g - 53*g + 143826 = 2*x, 0 = -5*x + 5*g + 359690. Is x prime?
True
Suppose -2*x + 3*n + 9077 = -1037, 20188 = 4*x + 4*n. Is x a prime number?
True
Let k = 49839 - -82162. Is k composite?
False
Let l(p) = -p**2 + 2. Let u be l(-1). Let h(j) = 10 - 195*j + u - 4 + 0. Is h(-4) prime?
True
Let c(i) = 71114*i**2 + 1074*i - 3211. Is c(3) prime?
False
Let x be (-8445)/(-20)*(-16)/(-12). Suppose y - x = 10634. Is y a prime number?
True
Suppose -7*c - 13893 - 26980 = 0. Is (-8 - c) + (-3)/(3/(-2)) prime?
False
Suppose -95*r + 155793 = -62*r. Is r a composite number?
False
Suppose 0 = j - 3*l + 5*l - 31170, -124708 = -4*j - l. Let x = 77954 - j. Is -2 + (x/40 - (-2)/(-5)) prime?
False
Suppose -6*w + 120*w = 10725918. Is w prime?
False
Let n(z) = 3*z**2 + 12*z - 2. Let y be n(-4). Let m = 2 + y. Suppose -3*f + 840 + 27 = m. Is f a composite number?
True
Suppose -2*x = 2*x. Let u be (-8)/((-4)/(-10)*(-4 + -1)). Suppose -12*l - u*l + 9328 = x. Is l a prime number?
False
Let n(u) = 278003*u**2 + 48*u - 93. Is n(2) composite?
True
Let y be (-3*1)/((-1)/229). Let c = 831 + -828. Suppose -z + 672 = -c*r, 0 = -z + 2*r - 4*r + y. Is z a composite number?
True
Suppose 0 = -2*j + 959 + 41135. Is j a composite number?
True
Suppose -200*h = -201*h + 351. Suppose 5*l + 4*l - h = 0. Is l a prime number?
False
Suppose 2*t = 2*x + 4, -40*x = 5*t - 42*x - 19. Suppose -4*c + 56673 + 33776 = h, c = -t*h + 22598. Is c a prime number?
True
Is 309*(5958/36)/((36/8)/3) a composite number?
True
Let s(z) = z**2 + z + 2. Let x be s(2). Let j(t) = -2*t + 23. Let b be j(x). Suppose -739 = b*c - 8*c. Is c a prime number?
True
Suppose 2*z = -3*p + 8292, 12 = -3*z + 3. Let w = 7237 + p. Is w prime?
False
Let d(q) = -155*q**3 - 15*q**2 - 39*q - 19. Is d(-10) a prime number?
True
Let r be ((-2)/2)/((-6)/3354). Suppose 1868 = -7*p + r. Is 15365/11 - 34/p a prime number?
False
Let t(l) = 169*l**3 + 14*l**2 - 107*l + 1075. Is t(9) a prime number?
True
Let h(f) be the third derivative of -987*f**4/4 + 113*f**3/6 - 76*f**2 + 2. Is h(-3) prime?
False
Let f(q) = -153*q - 1071. Let u be f(-7). Suppose 2162 = 5*i - 278. Suppose u*j - i = -k - j, -2*j = -6. Is k composite?
True
Suppose 0 = -8*l - l + 65241. Is l a prime number?
False
Let z(y) = 27*y**2 - 7*y + 37. Suppose u - 2 - 1 = -h, -4*h = -3*u - 47. Is z(h) composite?
False
Let t(d) = -d**2 + 11*d. Let z be t(11). Let q(u) = -2*u. Let a be q(z). Suppose y - 319 = -a*y. Is y composite?
True
Let b = -3333 - -6386. Is b a composite number?
True
Let b(o) = 978*o + 22. Let v be b(15). Suppose -64*u = -60*u - v. Suppose -3*m = -0*q + 2*q - 1829, m = -4*q + u. Is q a composite number?
False
Suppose 93*l - 92*l = 3*m - 1111386, -m + 4*l = -370451. Is m a prime number?
True
Suppose r - 1 = 2*q + 3*q, -15 = 5*r - 5*q. Is (-12)/15*2230/r a composite number?
True
Let q be (-2)/9 - 56/189*-129. Suppose 2*m - 16 = q. Is (-1817)/(-2) + m/(-18) prime?
True
Let s(t) = -20 + 11 + 6*t**3 + 8 - 5*t + 5*t**2. Let l(o